{"id":6673,"date":"2025-07-30T08:37:49","date_gmt":"2025-07-30T08:37:49","guid":{"rendered":"https:\/\/lenscare.hu\/?post_type=product&#038;p=6673"},"modified":"2025-09-02T07:49:54","modified_gmt":"2025-09-02T07:49:54","slug":"acuvue-oasys-multifocal-6-db","status":"publish","type":"product","link":"https:\/\/lenscare.hu\/en\/product\/acuvue-oasys-multifocal-6-db\/","title":{"rendered":"Acuvue Oasys Multifocal 6 db"},"content":{"rendered":"<p>Ezek a lencs\u00e9k egy n\u00e9pszer\u0171 &#8216;Senofilcon A&#8217; nev\u0171 szilikon-hidrog\u00e9l anyagb\u00f3l k\u00e9sz\u00fclnek. Ezt az anyagot alaposan tesztelt\u00e9k, \u00e9s rendk\u00edv\u00fcl hat\u00e9konynak bizonyult a hossz\u00fa t\u00e1v\u00fa mindennapi k\u00e9nyelem biztos\u00edt\u00e1s\u00e1ban, k\u00f6sz\u00f6nhet\u0151en annak, hogy seg\u00edt stabiliz\u00e1lni a k\u00f6nnyfilmet.<br \/>\nA lencs\u00e9ket UV sz\u0171r\u0151vel is jav\u00edtott\u00e1k, amely elnyeli az \u00f6sszes UVB sug\u00e1rz\u00e1s 99%-\u00e1t \u00e9s az \u00f6sszes UVA 96,10%-\u00e1t. Ne feledje, hogy a kontaktlencse a szemnek csak egy kis r\u00e9sz\u00e9t fedi, ez\u00e9rt tan\u00e1csos m\u00e1s UV-v\u00e9d\u0151 szem\u00fcveget is viselni, p\u00e9ld\u00e1ul napszem\u00fcveget.<\/p>\n<p>Visel\u00e9s \u00fctemez\u00e9se<br \/>\nEz a lencse alkalmas mindennapi visel\u00e9sre, (amikor elt\u00e1vol\u00edtja, tiszt\u00edtsa meg  \u00e9s megfelel\u0151en t\u00e1rolja az \u00e9jszaka folyam\u00e1n, minden nap) \u00e9s folyamatos visel\u00e9sre (amikor a lencs\u00e9ket hosszabb ideig nem t\u00e1vol\u00edtj\u00e1k el).<br \/>\nHa ezeket a lencs\u00e9ket naponta elt\u00e1vol\u00edtja \u00e9s megfelel\u0151en t\u00e1rolja, 14 nap haszn\u00e1lat ut\u00e1n kell \u0151ket cser\u00e9lnie.<br \/>\nA lencs\u00e9k folyamatos visel\u00e9sekor, 7 nap haszn\u00e1lat ut\u00e1n ki kell \u0151ket cser\u00e9lni. A folyamatos kop\u00e1s ler\u00f6vid\u00edti a csere-\u00fctemtervet.<\/p>","protected":false},"excerpt":{"rendered":"<p>Az ACUVUE OASYS Multifocal kontaktlencse t\u00f6k\u00e9letes megold\u00e1st jelent presbyopi\u00e1ban rendelkez\u0151k sz\u00e1m\u00e1ra. Egyed\u00fcl\u00e1ll\u00f3 \u00e9s \u00e9lvonalbeli optikai tulajdons\u00e1gainak k\u00f6sz\u00f6nhet\u0151en ezek a lencs\u00e9k hat\u00e9konyan biztos\u00edtj\u00e1k a tiszta l\u00e1t\u00e1st minden t\u00e1vols\u00e1gra \u2013 k\u00f6zelre, t\u00e1volra \u00e9s a kett\u0151 k\u00f6z\u00f6tt.<\/p>","protected":false},"featured_media":4027,"template":"","meta":[],"product_brand":[],"product_cat":[20],"product_tag":[],"class_list":{"0":"post-6673","1":"product","2":"type-product","3":"status-publish","4":"has-post-thumbnail","6":"product_cat-kontaktlencsek","7":"has-post-title","8":"has-post-date","9":"has-post-category","10":"has-post-tag","11":"has-post-comment","12":"has-post-author","13":"","15":"first","16":"instock","17":"taxable","18":"shipping-taxable","19":"purchasable","20":"product-type-variable"},"builder_content":"","_links":{"self":[{"href":"https:\/\/lenscare.hu\/en\/wp-json\/wp\/v2\/product\/6673","targetHints":{"allow":["GET"]}}],"collection":[{"href":"https:\/\/lenscare.hu\/en\/wp-json\/wp\/v2\/product"}],"about":[{"href":"https:\/\/lenscare.hu\/en\/wp-json\/wp\/v2\/types\/product"}],"wp:featuredmedia":[{"embeddable":true,"href":"https:\/\/lenscare.hu\/en\/wp-json\/wp\/v2\/media\/4027"}],"wp:attachment":[{"href":"https:\/\/lenscare.hu\/en\/wp-json\/wp\/v2\/media?parent=6673"}],"wp:term":[{"taxonomy":"product_brand","embeddable":true,"href":"https:\/\/lenscare.hu\/en\/wp-json\/wp\/v2\/product_brand?post=6673"},{"taxonomy":"product_cat","embeddable":true,"href":"https:\/\/lenscare.hu\/en\/wp-json\/wp\/v2\/product_cat?post=6673"},{"taxonomy":"product_tag","embeddable":true,"href":"https:\/\/lenscare.hu\/en\/wp-json\/wp\/v2\/product_tag?post=6673"}],"curies":[{"name":"wp","href":"https:\/\/api.w.org\/{rel}","templated":true}]}}

<p>Ezek a lencsék egy népszerű &#8216;Senofilcon A&#8217; nevű szilikon-hidrogél anyagból készülnek. Ezt az anyagot alaposan tesztelték, és rendkívül hatékonynak bizonyult a hosszú távú mindennapi kényelem biztosításában, köszönhetően annak, hogy segít stabilizálni a könnyfilmet.<br />
A lencséket UV szűrővel is javították, amely elnyeli az összes UVB sugárzás 99%-át és az összes UVA 96,10%-át. Ne feledje, hogy a kontaktlencse a szemnek csak egy kis részét fedi, ezért tanácsos más UV-védő szemüveget is viselni, például napszemüveget.</p>
<p>Viselés ütemezése<br />
Ez a lencse alkalmas mindennapi viselésre, (amikor eltávolítja, tisztítsa meg  és megfelelően tárolja az éjszaka folyamán, minden nap) és folyamatos viselésre (amikor a lencséket hosszabb ideig nem távolítják el).<br />
Ha ezeket a lencséket naponta eltávolítja és megfelelően tárolja, 14 nap használat után kell őket cserélnie.<br />
A lencsék folyamatos viselésekor, 7 nap használat után ki kell őket cserélni. A folyamatos kopás lerövidíti a csere-ütemtervet.</p>

<p>Az ACUVUE OASYS Multifocal kontaktlencse tökéletes megoldást jelent presbyopiában rendelkezők számára. Egyedülálló és élvonalbeli optikai tulajdonságainak köszönhetően ezek a lencsék hatékonyan biztosítják a tiszta látást minden távolságra – közelre, távolra és a kettő között.</p>
